. Let b = o + -3. What is the units digit of b?
4
Let b(z) = -z**3 - 4*z**2 + 2*z - 6. Let u be b(-6). Suppose 3*m = -0*m + u. What is the tens digit of m?
1
Let r(k) = k**2. Let s(d) = 5*d**2 + 12*d - 9. Let m(o) = 4*r(o) - s(o). What is the units digit of m(-10)?
9
Let j(s) = -1 + 0 - 6 + 4 - 3*s. What is the units digit of j(-2)?
3
Let t(q) = -4*q - 12. What is the tens digit of t(-11)?
3
Suppose -14*n + 6*n + 2920 = 0. What is the hundreds digit of n?
3
Suppose -5*f + 5 = -225. What is the units digit of f?
6
Let d = -1 + 4. Let x = 16 + d. What is the units digit of x?
9
Let b(n) = -3*n**2 - 10*n - 9. Let d be -5 - (-1)/(-1 - -2). Let k(t) = 7*t**2 + 21*t + 19. Let h(a) = d*k(a) - 9*b(a). What is the units digit of h(6)?
5
Let x be -33 - (2 + -3 - 2). Let k be (x/(-8))/(9/(-24)). What is the units digit of 4/10 - 106/k?
1
Suppose -4*n + 48 = -8. What is the units digit of n?
4
Let z(h) = h**2 + h - 1. Suppose -5*k + 1 - 11 = 0. What is the units digit of z(k)?
1
Let o(g) = g**3 + 2*g**2 - 2. Let s be o(-2). What is the units digit of 2/(-4)*s*11?
1
Let a(q) = q**3 + 4*q**2 - 8*q + 2. Let f be a(-6). Let x = f - -30. What is the units digit of x?
8
Suppose 5*o - 152 = 118. What is the units digit of o?
4
Let v = -2 - -3. Suppose 15 = -2*f + v. Let q = f - -13. What is the units digit of q?
6
Let x(d) be the third derivative of d**4/12 + d**3/6 + 7*d**2. What is the units digit of x(3)?
7
Suppose -15*c + 632 = -11*c. What is the units digit of c?
8
Suppose -2*h + 14 = x, x + 3*h - 24 = -h. Suppose -2*n = x*s - 26, 2*s - 23 = -3*n - 0*n. What is the units digit of s?
4
Suppose -2*j + 5 = -5. Suppose j*d = d. Suppose d = 4*g - 2*k - 36, -3*g + 0*k + 37 = k. What is the tens digit of g?
1
Let y(d) = d**2 - 3*d - 6. Let u be y(6). Let j = 18 - u. What is the units digit of j?
6
Suppose -5*d - 3*i = -7, 0*d + i = -d + 1. Let g = d - 0. What is the units digit of 12/g*1/2?
3
Let h(r) be the first derivative of -r**3/3 + r + 1. Let o be h(1). Suppose -t + 4 = o, 2*u + 0*t + 8 = 4*t. What is the units digit of u?
4
Let u = 135 - 77. What is the tens digit of u?
5
Let x = -7 - -11. Let d = 3 - 2. Suppose 0 = x*s + 4*k - 24, 2 = -s + 2*k - d. What is the units digit of s?
3
What is the hundreds digit of (-8320)/(-30) - 1/(3/(-2))?
2
Let c be 5*2 + 1 + -4. What is the units digit of (2 - c)*21/(-15)?
7
Suppose -3*c = -5*k - 6, 6*k - 2*c + 4 = k. Suppose 4*v = 0, 4*d - 2*v + k*v = 28. What is the units digit of d?
7
Let c be 2/(-4)*0/6. Suppose -2*r = -h - 8, 2*r - 20 = -c*r - 2*h. What is the units digit of r?
6
Let x be 6/(-15) - (-214)/10. Let h = x - 3. What is the units digit of h?
8
What is the tens digit of (5 + 89/(-3))/(2/(-9))?
1
What is the units digit of (-5)/(-35) + 356/7?
1
Let v(q) = q**2 - 5*q - 40. What is the units digit of v(14)?
6
Suppose -4 + 12 = 2*u. Suppose 0 = -2*s + 12 + u. Suppose 0 = 5*q - s - 7. What is the units digit of q?
3
Let z be (-2 - -5) + (-3 - -2). Let b = 6 - z. What is the units digit of 9/b - (-1)/(-4)?
2
Let i(t) = -2*t**3 - t**2 - 6*t - 7. Let f(o) = o**3 + o**2 + 3*o + 3. Let g(h) = 5*f(h) + 2*i(h). Let n be g(-2). What is the units digit of n/(1/(-4 - 1))?
5
Let o(a) = a**2 + 3*a + 3. Let q be o(-3). Suppose 2*h = q*h. Suppose -4*b = -4*x - 56, h*b - 5*x - 37 = -2*b. What is the units digit of b?
1
Let k = 23 - 15. Let o(c) = c**2 - 4*c - 2. Let j be o(k). Suppose -2*m + 7*m - j = 0. What is the units digit of m?
6
Let n(l) = 2*l + 21. Let q be n(0). Let k = -8 + q. What is the tens digit of k?
1
Suppose -4*m + 381 = -m. What is the hundreds digit of m?
1
Let x(z) = -z**3 + 9*z**2 - 4*z - 1. What is the tens digit of x(6)?
8
Let q = 11 - 15. Let d = 4 + q. Suppose -w + k = -8, -5*w - 3*k = -d*w - 40. What is the units digit of w?
8
Let u(t) = -t**2 - 13*t - 3. What is the tens digit of u(-6)?
3
Let b = -276 + 421. What is the hundreds digit of b?
1
Suppose 16 - 52 = 3*o. Let w = 8 - -12. Let k = w + o. What is the units digit of k?
8
Let v(n) be the third derivative of 35*n**4/24 - n**3/6 + 8*n**2. What is the units digit of v(1)?
4
Let h be (-3)/3 + 2 - 1. Suppose 0 = 3*l - h*l. Suppose -z + 9 = 4*j - l*j, -z - j + 3 = 0. What is the units digit of z?
1
Suppose 0 = 4*l - l - 39. Let j be -2*((-6)/4 - 0). Suppose -5*o - j*s + 43 + l = 0, -18 = -o - 4*s. What is the tens digit of o?
1
Let b(v) be the first derivative of 47*v**4/4 - v**2/2 + 2*v - 1. What is the tens digit of b(1)?
4
Suppose -7 = -3*g + 2*c, -3*g + 0*g - c + 19 = 0. Let t(l) = -l**2 + 9*l - 3. Let a be t(6). Suppose a = i + g. What is the units digit of i?
0
What is the units digit of (90 - (-3 + -1))*2?
8
Suppose 0 = 3*f - 43 + 13. Suppose y = 5*k - 34, 0*k = -5*k - 5*y + f. What is the units digit of k?
6
Let u(h) = 11*h**2 - h. Let f be u(1). Suppose -2*d = -f - 10. What is the tens digit of d?
1
Let i(f) = -4*f**2 + 1. Let q = 3 - 2. Let x be i(q). Let s(o) = o**3 + 5*o**2 + 5*o + 2. What is the units digit of s(x)?
5
Let p(k) = k**2 + k - 2. Let q be (1 - -5)*6/12. What is the tens digit of p(q)?
1
Suppose 0 = m - 109 - 75. What is the units digit of m?
4
What is the tens digit of (256/(-20))/((-3)/((-45)/(-3)))?
6
Suppose 5*n + 5*w + 295 = 0, 0*n - w - 167 = 3*n. What is the tens digit of (-2)/(4/n*1)?
2
Suppose 24 = 5*j - 76. What is the units digit of j?
0
Let d(h) = -12*h - 7. What is the tens digit of d(-5)?
5
Suppose -4*q = -0*q - 72. What is the tens digit of q?
1
Let h be (-8)/(-2)*(-6)/(-8). Let j(y) = 5*y - 1. What is the tens digit of j(h)?
1
Let h = 0 - -11. Suppose -3*o + h = -2*o. What is the tens digit of o?
1
Let q = -5 + 3. What is the units digit of 3 - q/(-6)*0?
3
Let x = 2 + -1. Let v be (x/2)/((-5)/60). What is the units digit of (1 - v)/(5 - 4)?
7
Let m(c) = -c**2 + 2*c + 4. Suppose -5*f = -k - 26, f = -k + 2*k + 2. Suppose -2*a - f = -4*a. What is the units digit of m(a)?
1
Let g = 30 + -21. Suppose 3*i + g = -3*b, 7*b = -3*i + 3*b - 13. What is the units digit of i?
1
Let c(w) = w**3 + 4*w**2 + w + 1. Let b be c(-6). Let m = -53 - b. What is the units digit of m?
4
Suppose -5 = -2*t - 2*m + 15, t = 4*m - 10. What is the units digit of 1 + t + (0 - 0)?
7
Suppose -1176 = -4*g - 2*g. What is the hundreds digit of g?
1
What is the tens digit of 4 + 12*4/6?
1
Let j be 40/(-3*(-8)/12). Suppose 0 = 2*p - 6*p + 40. Let n = j - p. What is the tens digit of n?
1
Let y = 107 + -67. What is the tens digit of y?
4
Let y(i) be the first derivative of -i**2/2 + 15*i + 4. What is the units digit of y(8)?
7
Suppose -3*v + 21 = 3. Let n be 3*v/9 - -3. Suppose -55 = -3*r - n*b, 5*r + 0*r - 55 = -b. What is the tens digit of r?
1
Let m(v) = -v**3 - v - 2. Let y(a) be the second derivative of -a**4/12 - 7*a**3/6 - a**2 - 2*a. Let t be y(-7). What is the units digit of m(t)?
8
Let t(q) = -q**2 - 7*q - 7. Let v be t(-5). What is the units digit of v/(-1) - 130/(-5)?
3
Let v be (-3 + 0)/(6/4). Let t be v - (38/(-2) - -2). What is the units digit of 1/(-1*(-3)/t)?
5
Let y = 5 - 6. What is the units digit of (y - -2) + (-34)/(-2)?
8
Suppose 2*t - 4*b = 14, -4*t + 40 = 2*b + 2*b. What is the units digit of (10 - t)*1*15?
5
What is the tens digit of (-2 - 156)/(-1*(3 + -2))?
5
Let f(g) = -g**3 - 17*g**2 - 17*g - 3. What is the tens digit of f(-16)?
1
Suppose 4*g - 251 = 3*g - 2*j, 5*g - 1250 = -5*j. What is the tens digit of g?
4
Suppose -2*f = 2*a - 6, 0*f - 3*f = -5*a + 31. Let g = f - -6. What is the units digit of g?
4
Suppose 0*z + 3*z - 5*q = 58, -68 = -4*z + 2*q. Suppose 0 = 5*f - 0*x + 4*x - z, -2*f = 4*x - 4. What is the units digit of f?
4
Suppose -j - o - 10 = 24, 5*j = -4*o - 169. Let n be 20/11 + (-6)/j. Suppose -3*v - 5 = 2*u + n, 0 = -5*u - v + 2. What is the units digit of u?
1
Let i be (-1 - (-3 + 5)) + 38. Suppose -3*k = -f + 32, -3*k + 35 = 5*f - i. Suppose 3*a + f = 4*a. What is the units digit of a?
7
Let g(o) = -o**3 + 7*o**2 - 4*o - 8. Let q(t) = t + 10. Let z be q(-5). Suppose 4*v + 5*h = -10 + 54, -z*h = v - 26. What is the units digit of g(v)?
4
Let u be 5/(10/(-6))*-1. Suppose 2*o = u*o - 25. What is the tens digit of o?
2
Suppose 0*n + 3*n - 33 = 0. What is the units digit of n?
1
Let w(r) = 8*r**3 - r**2 + 1. Let b be 11 - ((-2)/2 - -3). Suppose -v + 0 = -5*o + b, -5*o - 3 = 2*v. What is the units digit of w